igit of g?
1
Let w(d) = -d + 5. Let t be w(3). Suppose -75 - 345 = -6*o. Suppose 0 = 3*p + t*p - o. What is the tens digit of p?
1
Let w(z) = -2*z**2 + 9*z + 6. Let p = -4 - -2. Let y(d) = 6*d**2 - 27*d - 18. Let q(a) = p*y(a) - 7*w(a). What is the tens digit of q(7)?
2
What is the hundreds digit of (1/2)/((-1)/(-1158)*1)?
5
Suppose 0 = -19*d + 23589 + 522. What is the tens digit of d?
6
Let c(t) = t**3 - 3*t**2 + 2*t - 4. Let a = -14 - -17. Let s be c(a). Suppose 3*k - 180 = -s*k. What is the units digit of k?
6
Let j(v) = -3*v + 2. Let b be j(-2). Let a = -5 + b. Suppose m + p = 24, 4*m + a*p - 77 = 18. What is the units digit of m?
3
Let k be (0 - 0) + 1*(-302 - 2). What is the units digit of (k/(-10))/(5*4/100)?
2
Suppose -p + 17 = 6. Let r = -2 + p. Suppose -r*l + 5*l + 100 = 0. What is the tens digit of l?
2
Let y(d) be the second derivative of -d**4/12 - 13*d**3/6 - 3*d**2 + d - 13. Let f(l) = -3*l**2 + 3*l - 3. Let k be f(2). What is the tens digit of y(k)?
3
Suppose 0 = -3*u + 3*h - 5*h + 86, 2*u - h = 69. Let m = 49 + -47. Suppose u = m*y - 10. What is the units digit of y?
1
Let o = -228 + 343. Suppose -4*i = -o - 49. What is the units digit of i?
1
Let d(z) be the second derivative of z**4/12 - 7*z**3/6 + 3*z**2/2 + 8*z. Let v be d(7). What is the tens digit of 24 - (1 - v - -6)?
2
Suppose -2*l + 0*l + 3630 = 5*g, -4*g = -4*l - 2932. What is the tens digit of g?
2
Let r(v) = -16*v + 6*v - 18*v + 0*v - 4. What is the tens digit of r(-3)?
8
Suppose -260 - 520 = -3*i. What is the units digit of i?
0
Suppose 22*f - 27456 = 9*f. What is the units digit of f?
2
Suppose -12 = -7*r + 3*r. Suppose -3*q + 2*q + 1 = r*g, 3*g + 2*q + 1 = 0. Let c(v) = 42*v**2 + v. What is the tens digit of c(g)?
4
Let y = 17 - 17. Suppose -2*l = -y*l - 6. Suppose l*f + 3*x + 10 = 2*f, 0 = 5*f + 2*x - 15. What is the units digit of f?
5
Let j(n) = 29*n + 9. Let d be j(5). Suppose -3*g + 2*s + 209 = 0, -6*s + s = -2*g + d. Suppose -3*q + 50 = -g. What is the tens digit of q?
3
Suppose -2*d - 5*w + 2415 = 0, 4*w = 3*d + 5*w - 3642. What is the units digit of d?
5
Suppose -3*k = 36 - 51. What is the units digit of -2 - (-269 + 4)/k?
1
Let y(t) = -16*t**3 + 16*t**2 - 3*t + 8. What is the thousands digit of y(-4)?
1
Let y = 1744 + -312. What is the units digit of y?
2
What is the tens digit of ((-5186)/4)/(89/(-178))?
9
Let a(c) = c**3 - 6*c**2 + 9*c + 22. What is the hundreds digit of a(9)?
3
Suppose 0 = -5*y + 2 + 3, 0 = -5*n + 2*y + 18. Suppose -n*s - 474 = -7*s. What is the tens digit of s?
5
Let s(p) = 3*p**2 - 3*p - 9. Let f be ((-6)/(-2))/(-2 - -3). Suppose -9 = -f*q - 5*t + 31, 3*t + 5 = 4*q. What is the tens digit of s(q)?
5
Suppose 3*g + 102 = -0*g. Let o = g - -44. What is the tens digit of o?
1
Let z(t) = t**3 - t + 4. Let w be z(0). Suppose -3*a = -5*a + 5*q + 79, w*a - 194 = -2*q. What is the units digit of a?
7
Let r(v) = -v. Let l = 15 - 15. Let a be r(l). Suppose u + 2 - 7 = a. What is the units digit of u?
5
Let t be 13/4 - 10/40. Suppose 4*b = -g + 133, 4*g + 164 = 5*b + t*g. Suppose b*f - 30*f = 147. What is the units digit of f?
9
Suppose y - 215 = 73. What is the tens digit of y?
8
Suppose 9 = 4*x - 3, 0 = h + x - 864. What is the hundreds digit of h?
8
Let q = 1788 - 152. What is the units digit of q?
6
Let o(t) = t**3 + 17*t**2 + t + 16. Let i be o(-17). What is the tens digit of ((-152)/(-6))/(i + (-25)/(-15))?
3
Let j be 2/(-4) - 306/(-4). Let f = 345 + -196. Suppose -f = -5*w + j. What is the units digit of w?
5
Let o(g) = 4*g**3 - g. Let a be o(1). Suppose 3*y - 124 = -a*z + 8*z, 5*y - 5*z - 190 = 0. What is the tens digit of y?
3
Suppose 2*r + 0*n = -2*n - 34, -5*r - 2*n = 70. Let b be (r/(-15))/((-2)/(-510)). Suppose 4*t = t + b. What is the units digit of t?
8
Suppose -2*s - 324 = -1014. What is the units digit of s?
5
Let j = -32 + 36. Suppose 0*o + j*o - 155 = g, o - 44 = -5*g. What is the units digit of o?
9
Let q(u) = -2 - 4 + 6*u + u**2 + 5. Let i = 3 - 12. What is the tens digit of q(i)?
2
Suppose 3*p = 5*s - 405, -3*s = -s - 4*p - 162. What is the units digit of s?
1
Let k(u) = u**2 - 8*u + 3. Let v be k(3). Let r(b) = b**2 + 11*b + 4. What is the tens digit of r(v)?
1
Let q = 1 - 13. What is the units digit of (3 - 4)*(q - -3)?
9
Suppose 5*v + 4*y - 3664 = 0, 18*v = 16*v + 5*y + 1459. What is the tens digit of v?
3
Let o = -316 - -608. What is the units digit of o?
2
Suppose 0 = -25*q + 20*q + 10. Suppose -4*a = q*r - 182, -3*r = -r + a - 197. What is the hundreds digit of r?
1
Let w be (-2)/((-6)/(-3)) - (-146 - -2). Suppose -7*m + 123 = -w. What is the tens digit of m?
3
What is the tens digit of (-199134)/(-322) - (-4)/7?
1
Suppose h - 5*r + 738 = 3*h, 2*h = -r + 738. What is the hundreds digit of h?
3
Let k(i) = -i - 2. Let d be k(-14). Let v be (-2106)/12*d/(-9). Suppose -11*c = -14*c + v. What is the units digit of c?
8
Suppose 5*t + 6890 = 5*o, -t + 6925 = 5*o + t. What is the units digit of o?
3
Let y(i) = -i**3 + 3*i + 1. Let f be y(-2). Let d be (f - (5 + -1)) + 5. Suppose -6 = 3*b + d*x - 129, 4*b = -5*x + 165. What is the tens digit of b?
4
What is the hundreds digit of (-27)/18 + (-525)/(-2) - -2?
2
Let f = 35 - 35. Suppose 3*y + f*y - 294 = 0. What is the tens digit of y?
9
Let i = 63 - 69. What is the tens digit of (-7)/(7/(-22))*(-9)/i?
3
Suppose -675*u = -682*u + 2429. What is the hundreds digit of u?
3
Suppose f = -f + 6. Suppose -3*g = -9, 0 = 2*v + g - f. Let m(d) = 2*d + 23. What is the units digit of m(v)?
3
Suppose -1397 = -3*p + 946. What is the tens digit of p?
8
Suppose 112 + 5 = 3*y. Let s = 98 - 96. Suppose 95 - y = s*o. What is the units digit of o?
8
Suppose 4 = -5*c - 6. Suppose 3*f = -3*l + 6, 4*f = f - 5*l + 6. What is the units digit of f/(-4)*(-8 - c)?
3
Suppose j + 1452 = -4*j - 2*v, 0 = 4*j + v + 1161. Let d = -168 - j. What is the tens digit of d?
2
Let m = -2599 - -3892. What is the tens digit of m?
9
Suppose 8*p + 46 = 70. Suppose v - 2*a - 152 = 0, p*a + a = -16. What is the tens digit of v?
4
Let d = 67 - 126. Let k = d - -89. Suppose 5*h - j = k, -5*h = -2*j + 6*j - 30. What is the units digit of h?
6
Let i = -978 + 1463. What is the units digit of i?
5
Let n(q) = 7*q - 15. Let b(f) = f + 7. Let p be b(5). Let l be n(p). Let u = l + -35. What is the units digit of u?
4
Suppose -6*t + t - 10 = 0, 0 = -3*i + 2*t + 40. Suppose i*q - 11*q - 120 = 0. What is the hundreds digit of q?
1
Let p(z) = 28 + z**3 - 45 + 28 + 2*z + 6*z**2. What is the units digit of p(-5)?
6
Let t(b) = -b**3 + b + 5. Let m be t(0). Suppose -2*r + 5*h = 14 - 43, 4*h + 19 = r. Suppose 4*c = -x + m + r, 4*c - 16 = -2*x. What is the units digit of x?
4
Suppose y + 10 = -0*y. Let j = y - -10. Suppose -2*m - 2*w + w + 42 = j, 0 = 3*w. What is the units digit of m?
1
Let y(q) = q**3 + 36*q**2 - 12*q + 69. What is the hundreds digit of y(-36)?
5
Let i(z) = -10*z**2 + 2*z. Let c(f) = 11*f**2 - 2*f. Let u(d) = -4*c(d) - 5*i(d). Let m be (-8)/6*6/(-4). What is the tens digit of u(m)?
2
Let l = 1942 - 826. What is the thousands digit of l?
1
What is the units digit of 31 + (0 - -1) - -4?
6
Suppose -4*c = -2*l - 1 - 7, 4*c - 14 = -l. Let a(m) = -3*m**l + 2*m**2 + 6*m + 1 - 5 + 8. What is the units digit of a(5)?
9
Let s(z) = -5*z - 1. Let r be s(-1). Let n(j) = -j - 4 + 0*j**3 + 3 + j**3. What is the tens digit of n(r)?
5
Let z(p) = p**2 - 2*p - 4. Let s be z(4). Suppose -17 - 15 = -s*r. Suppose -2*j - 2*l - 3 = j, 0 = j + 3*l + r. What is the units digit of j?
1
Suppose -10*i = -4*i + 810. Let y = i + 228. What is the tens digit of y?
9
Let q(d) = 159*d + 79. What is the hundreds digit of q(11)?
8
Suppose 0 = 5*w + 5*z, w - z - 16 = 2*z. Suppose w*q + 61 = 229. What is the units digit of q?
2
Suppose o = -4*a + 193 + 595, 0 = o - 4*a - 772. What is the hundreds digit of o?
7
Let p be (1/4)/(5/380). Suppose 4*r - 9 = p. Suppose -a = 3*g - 30, 2*g - 210 = -5*a + r*g. What is the tens digit of a?
3
Let n = -60 + 40. Let q be ((-16)/n)/(2/165). Let d = q - 38. What is the units digit of d?
8
Let k be ((0 - -10) + -2)/(5/10). What is the tens digit of -417*2/(-8) + (-4)/k?
0
Let t = -30 + 477. What is the tens digit of t?
4
Let g(v) = 9*v**2 - 21*v + 5. What is the units digit of g(21)?
3
Let g = -1 - -1. Suppose g = k - 7. Sup